2)/(-30) + 4/r.
9
Let l(s) = s**3 - 3*s**2 - 2*s + 5. Suppose r = 5*r. Let m(w) = w**3 - w + 7. What is the remainder when l(4) is divided by m(r)?
6
Let m(b) = 11*b - 7. What is the remainder when m(5) is divided by 17?
14
Let p(n) = n**3 + 5*n**2 - n. Let r be p(-5). Suppose -r*t + 91 - 11 = 0. What is the remainder when 2/(-6) + (-470)/(-15) is divided by t?
15
Suppose 2*c = 2, -4*w - 5*c + 1 = -40. What is the remainder when 17 is divided by w?
8
Let l = 1 + -1. Let k(d) = 1 - 3*d + l - d. What is the remainder when 32 is divided by k(-4)?
15
Let z = 28 - 27. Calculate the remainder when 29 is divided by (-1 - (-4 + z)) + 13.
14
Let f(q) = q**2 + 9*q + 1. Calculate the remainder when 21 + 0 + 1 + -2 is divided by f(1).
9
Let n = 2 - 2. Suppose 0 = 4*h + s - 184, 3*s = -n*s. Suppose 3*l = 17 + h. Calculate the remainder when l is divided by 11.
10
Suppose -2*d = d + 4*b - 19, -17 = -d - 4*b. What is the remainder when (d/(-2))/(3/(-6)) is divided by 1?
0
Let n = -15 - -44. What is the remainder when n is divided by 6?
5
Suppose -3*c - 6 = p, 2*p + 0*p = 4*c + 18. Suppose -s + p = -5*a, 4*s - 12 = -0*s + a. What is the remainder when s is divided by -6*(2 + 7/(-3))?
1
Let t = 9 - 7. What is the remainder when 9 is divided by t?
1
Suppose -33 = -4*g + 27. Suppose 0 = -5*t - t + 96. What is the remainder when g is divided by 1*4*(t + -14)?
7
Suppose 2*v - 7*v + 85 = 0. Let d = -23 - -70. What is the remainder when d is divided by v?
13
Suppose 44 = 3*g + 2*x, -3*g + 2*x + 12 = -16. Let q = 42 - g. Calculate the remainder when q is divided by 8.
6
Let w = -14 + 40. Suppose -5*s - 3*g - w + 261 = 0, 2*s = 5*g + 63. What is the remainder when s is divided by 23?
21
Let h(c) = -1 + 2 - 3*c - 2. What is the remainder when 4 is divided by h(-1)?
0
Let d(m) = 7*m**2 - 7*m - 1. Calculate the remainder when d(-2) is divided by 23.
18
Suppose r + 4 = 0, -o - 2 = 5*r + 2. Calculate the remainder when 61 is divided by o.
13
Let a(n) = n**2 - 7*n + 9. What is the remainder when (1/3)/(-7*3/(-189)) is divided by a(6)?
0
Suppose 4*s = -p + 37, -2*s - p - 4 = -25. What is the remainder when s is divided by 6 + -7 + (4 - -1 - 1)?
2
Let r(d) = -17*d - 5. Calculate the remainder when 113 is divided by r(-2).
26
Let b = 96 - 62. Calculate the remainder when b is divided by 9.
7
Let o = 22 + -13. What is the remainder when 17 is divided by o?
8
Let o be (15/9 + -1)*3. Suppose o*h + 2*n = -2*h + 26, 19 = 4*h - 5*n. Calculate the remainder when h is divided by 3.
0
Suppose -36 = t - 165. Suppose -3*w + t + 0 = 0. What is the remainder when w is divided by 15?
13
Let f = 12 + -6. Calculate the remainder when 23 is divided by f.
5
Let n(p) be the first derivative of 17*p**2/2 - 6. Calculate the remainder when n(3) is divided by 13.
12
Suppose 9 = -o - 36. Calculate the remainder when 57 is divided by (o/(-27))/((-1)/(-9)).
12
What is the remainder when 11*(0 - (-8 - -3)) is divided by 15?
10
Suppose 9 = 5*y - 2*y. Suppose -2*z - 4 = 3*h, -h = y*z + z + 18. Suppose 20 = 4*k - h*k. What is the remainder when 28 is divided by k?
8
Let f(t) = t**3 - 2 + 11*t**2 - 19*t**2 + 6*t**2 + 3*t. Calculate the remainder when 15 is divided by f(2).
3
Let g = -9 + 12. What is the remainder when -3 - g/((-9)/33) is divided by 3?
2
Let z(f) = 11*f. Let n(o) = -o + 1. Let m be n(0). Let u(k) = 2*k - 5. Calculate the remainder when u(13) is divided by z(m).
10
Let q = 15 + -9. Let p(a) = -q + 4 - a**2 - 6*a + 2*a**2. Calculate the remainder when 13 is divided by p(7).
3
Suppose 67 = -5*b + 182. Suppose -4*x - 3*u + 3 = -23, 3*x = 3*u + 30. What is the remainder when b is divided by x?
7
Let j be 57/21 + (-4)/(-14). Suppose -j*o + 60 = o. Let x = -84 - -127. Calculate the remainder when x is divided by o.
13
Let y = -7 - -10. Suppose -y*w - 2*w = -45. What is the remainder when 26 is divided by w?
8
Let k = 0 + 0. Suppose -3*q = -7*q + 5*c + 7, 0 = -2*c - 6. Let j = k - q. Calculate the remainder when 3 is divided by j.
1
Let z be (-62)/4 + (-1)/2. Suppose 3*c - 2*c = 25. Let k = c + z. Calculate the remainder when 26 is divided by k.
8
Suppose 0*r = 3*r - 21. Let b = -7 + r. Suppose 12 = -b*i + 4*i. Calculate the remainder when 11 is divided by i.
2
Let j be (4/(-6))/(4/(-18)). Let q be 88/(-6)*j/(-2). Suppose -17 = -3*t + q. What is the remainder when t is divided by 7?
6
Let t(z) = -11*z + 6. Calculate the remainder when t(-2) is divided by 10.
8
Let k = 15 + 56. Let y(a) = a**3 - 2*a**2 + 2*a + 3. What is the remainder when k is divided by y(3)?
17
Let f(v) = v**2 - 8*v + 2. Calculate the remainder when 41 is divided by f(9).
8
Suppose 4*u = 4, 3*u + 0*u - 22 = -x. What is the remainder when 92 is divided by x?
16
Let s(a) = 14*a + 1. Let c(o) = 13*o + 1. Let k(d) = 6*c(d) - 7*s(d). What is the remainder when k(-1) is divided by 7?
5
Suppose -5*x - d + 40 = 0, 0 = 2*x - 3*d + 6 - 39. Calculate the remainder when (10/3)/(16/72) is divided by x + 1*-1*1.
7
Let r(c) = c - 1. Let o(t) = -5*t + 6. Let u(g) = -o(g) - 6*r(g). Let q be u(-6). What is the remainder when 8 is divided by 16/q + (-2)/(-6)?
2
Let u = 140 - 41. What is the remainder when u is divided by 29?
12
Calculate the remainder when 43 is divided by (1/2)/(10/220).
10
Let p = -99 + 55. Let g = p - -79. Suppose 0 = 2*j + 3*j - g. Calculate the remainder when j is divided by 3.
1
Let a = 23 + -10. Let j be (10/8 + -2)*-4. Suppose 0 = 2*r, r - j + 41 = t. What is the remainder when t is divided by a?
12
Let k be 2 + 4 - 3/1. Let a = 7 - k. What is the remainder when a is divided by 2?
0
Suppose -3*l = -l. Suppose l*t - 29 = -t. What is the remainder when t is divided by 8?
5
Suppose -13*r = -14*r + 46. What is the remainder when r is divided by 12?
10
Suppose 4*t - 3*t - 10 = 0. Let l = 23 - t. Suppose -a + y + 35 = 0, -2*a + 43 = 4*y - 39. What is the remainder when a is divided by l?
11
Suppose 3*s - 26 = 2*s. What is the remainder when s is divided by 86/10 - (-4)/10?
8
Let j be -3*-1*(1 - 0). Suppose -b = -3 - j. What is the remainder when 10 is divided by b?
4
Suppose -3*c - 5*m + 5 = 0, -4*m + 10 - 4 = 2*c. Calculate the remainder when (34/3)/(4/6) is divided by 6/c*(-120)/16.
8
Let o(g) = 11*g**2 - g. Let z(k) = 6*k - 1. Let t be z(1). Let l be (-4)/(-20) - 11/t. What is the remainder when o(l) is divided by 16?
14
Suppose -3*v + 45 = 3*f - 0*v, -4*f = 5*v - 58. What is the remainder when 65 is divided by f?
14
Let t(n) be the third derivative of n**6/30 + n**5/60 - 3*n**2. Suppose 2*b + 13 = 3*b. What is the remainder when b is divided by t(1)?
3
Let c(j) = 9*j**2 - 8*j - 5. Let t be c(-5). Suppose 2*q - t = -2*q. What is the remainder when q is divided by 22?
21
Calculate the remainder when (-236)/(-5)*(-15)/(-6) is divided by 15.
13
Let k(j) be the first derivative of 5*j**2/2 - 14*j + 10. What is the remainder when k(5) is divided by 4?
3
Suppose 2*n + 2*n = -120. Let q = n + 46. What is the remainder when q is divided by 9?
7
Let a be (0/(-1 - -2))/2. Suppose a*l + 15 = l. Calculate the remainder when 44 is divided by l.
14
Suppose k - 22 = -4. What is the remainder when 35 is divided by k?
17
Let m(p) = 4*p**2 - p. Let k be m(-4). Let l = -47 + k. Calculate the remainder when l is divided by 11.
10
Calculate the remainder when 32 is divided by 81/4 - (-30)/(-24).
13
Let g(z) = -1 - 4*z**3 + 2*z**2 + 5*z**3 - z + 4*z**2. Suppose -s = -2*s + 2. What is the remainder when g(-6) is divided by s?
1
Suppose -4*h = 5*f - 2, -4*f = -0*f - 4*h - 16. Let j(a) = 6*a - 1. Calculate the remainder when 32 is divided by j(f).
10
Calculate the remainder when 43 is divided by (-79)/(-5) + (-1)/((-5)/(-4)).
13
Suppose -c + 3*l = 8*l - 24, -2*l + 14 = -4*c. Let w be 1 - 10/(-3 - c). Suppose 0 = 3*m - w*m + 120. Calculate the remainder when m is divided by 14.
12
Calculate the remainder when 54 is divided by 1 - (-5 - 12/6).
6
Let d(k) = 4*k**2 + 6*k + 5. What is the remainder when 112 is divided by d(-3)?
20
Let c(k) = -k**3 + 2*k + 5. What is the remainder when c(-4) is divided by 16?
13
Suppose -2*o + 36 = -20. Let w be 2/2 + (18 - 6). Suppose w = y - 2. What is the remainder when o is divided by y?
13
Suppose -75 = -5*x + 2*i - 4*i, 65 = 5*x + 4*i. Calculate the remainder when 50 is divided by x.
16
Let f = 46 + -1. Suppose 0 